{"id":804,"date":"2023-07-18T20:03:41","date_gmt":"2023-07-18T20:03:41","guid":{"rendered":"https:\/\/romitecnologia.com\/demo-tienda\/?post_type=product&#038;p=804"},"modified":"2025-08-21T16:31:54","modified_gmt":"2025-08-21T16:31:54","slug":"sistema-profesional-para-taller-mecanico-facturacion-inventario","status":"publish","type":"product","link":"https:\/\/romitecnologia.com\/demo-tienda\/producto\/sistema-profesional-para-taller-mecanico-facturacion-inventario\/","title":{"rendered":"Sistema Profesional Para Taller Mec\u00e1nico Facturaci\u00f3n Inventario"},"content":{"rendered":"<p style=\"text-align: left;\"><strong>TALLER<\/strong><\/p>\n<p style=\"text-align: left;\">Gesti\u00f3n de talleres programa f\u00e1cil y sencillo para la gesti\u00f3n completa de talleres. Con el software de taller podr\u00e1 gestionar los veh\u00edculos por matr\u00edculas. Creaci\u00f3n y modificaci\u00f3n de art\u00edculos, control de stock de forma f\u00e1cil e intuitiva, tambi\u00e9n genera etiquetas para la impresi\u00f3n de c\u00f3digo de barras. Generaci\u00f3n de presupuestos, proforma, albaranes, y factura de ventas y compra. Exportaci\u00f3n de listados e informes.<\/p>\n<p style=\"text-align: left;\"><strong>SISTEMAS OPERATIVOS COMPATIBLES<\/strong><br \/>\nWINDOWS: XP \/ 2000 SERVER\/ 2003 SERVER\/ VISTA\/ 7 \/ 8 \/ 8 .1 \/ 10<br \/>\nSOFTWARE: 32 &amp; 64 BITS<\/p>\n<p style=\"text-align: left;\"><strong>REQUISITOS M\u00cdNIMOS DEL SISTEMA<\/strong><br \/>\n*Procesador 100Mhz<br \/>\n*Memoria RAM 32Mb<br \/>\n*40 Mb de disco duro libre<br \/>\n*Resoluci\u00f3n gr\u00e1fica m\u00ednima de 1024 x 768<\/p>\n<p style=\"text-align: left;\">Compatible con Windows XP\/ 7 I 8 I 8.1\/ 1O para 32 y 64 Bits Incluye Video de instalaci\u00f3n y registro I Manual de usuario completo<br \/>\nGestiones de manera f\u00e1cil y sencilla todas las funciones de su taller, optimizando y llevando un control de todas sus operaciones de una manera r\u00e1pida<\/p>\n<p style=\"text-align: left;\">En general podemos describir las funciones m\u00e1s comunes del software con las siguientes caracter\u00edsticas.<br \/>\nWindows. XP. 7 v 8. Entorno de ventanas MDI.<br \/>\nSoporte para red local.<br \/>\nMultiempresa: Posibilidad de gestionar hasta 99 empresas.<br \/>\nLas copias de seguridad se hacen en ficheros con formato .ZIP. Nuevo fichero de Usuarios.<br \/>\nTickets: podr\u00e1 utilizar el formato de factura simplificada y personalizar con el logo de su empresa.<br \/>\nAlmac\u00e9n: varias tarifas de precio puesto, control de stock, tabla de descuento, porcentaje de impuestos, art\u00edculos por familias, art\u00edculos compuestos, estad\u00edsticas, etc.<br \/>\nClientes: Agrupaci\u00f3n de clientes por zonas, representante asociado, forma de pago que usa el cliente, tarifa a usar, tabla de descuentos, tipo de impuesto, banco, riesgo, p\u00e1gina de estad\u00edsticas, p\u00e1gina de acumulados y gr\u00e1ficos, etc.<br \/>\nProveedores: Forma de pago que usa el proveedor, tabla de descuentos, tipos de impuestos, p\u00e1ginas de estad\u00edsticas con todos los movimientos agrupada por meses y p\u00e1gina de documentos donde aparece el proveedor.<br \/>\nVentas: Tickets, presupuestos, facturas pro-forma, pedidos de clientes, albaranes y facturas. Posibilidad de hacer facturas directas, facturar tickets, facturaci\u00f3n general de todos los clientes.<br \/>\nB\u00fasqueda de art\u00edculos selectiva. B\u00fasqueda de precios, descuentos. Posibilidad de cambiar la tarifa de venta.<br \/>\nEmisi\u00f3n de recibos autom\u00e1ticamente a partir de la forma de pago del cliente. Actualizaci\u00f3n autom\u00e1tica de stock.<br \/>\nPosibilidad de modificar o crear sus propios formatos de impresi\u00f3n (incluso de tickets).<br \/>\nCompras: Pedidos a proveedores, albaranes de compra y facturas de compra. Posibilidad de registrar facturas de compras directamente o a partir de sus albaranes de compra.<br \/>\nB\u00fasqueda selectiva de art\u00edculos. B\u00fasquedas de precios y descuentos.<br \/>\nEmisi\u00f3n de pagos autom\u00e1ticamente a partir de la forma de pago del proveedor.<br \/>\nImpresi\u00f3n de etiquetas totalmente configurables.<br \/>\nSe puede especificar el tama\u00f1o y la separaci\u00f3n entre etiquetas. Tipo de letra a elecci\u00f3n del usuario.<br \/>\nEtiquetas de art\u00edculos con c\u00f3digo de barras.<br \/>\nEtiquetas de clientes, proveedores, representantes y empleados.<br \/>\nGran variedad de informes para cierre de caja, almac\u00e9n, clientes, proveedores, ventas, compras, tesorer\u00eda.<br \/>\nUtilidades para la modificaci\u00f3n masiva de art\u00edculos, clientes, proveedores y representantes.<br \/>\nPosibilidad de traspasar datos entre las diferentes empresas creadas. Utilidades de list\u00edn telef\u00f3nico y agenda.<\/p>\n","protected":false},"excerpt":{"rendered":"<p style=\"text-align: left;\"><strong>TALLER<\/strong><\/p>\n<p style=\"text-align: left;\">Gesti\u00f3n de talleres programa f\u00e1cil y sencillo para la gesti\u00f3n completa de talleres. Con el software de taller podr\u00e1 gestionar los veh\u00edculos por matr\u00edculas. Creaci\u00f3n y modificaci\u00f3n de art\u00edculos, control de stock de forma f\u00e1cil e intuitiva, tambi\u00e9n genera etiquetas para la impresi\u00f3n de c\u00f3digo de barras. Generaci\u00f3n de presupuestos, proforma, albaranes, y factura de ventas y compra. Exportaci\u00f3n de listados e informes.<\/p>\n","protected":false},"featured_media":825,"comment_status":"closed","ping_status":"closed","template":"","meta":{"neve_meta_sidebar":"","neve_meta_container":"","neve_meta_enable_content_width":"off","neve_meta_content_width":100,"neve_meta_title_alignment":"","neve_meta_author_avatar":"","neve_post_elements_order":"","neve_meta_disable_header":"","neve_meta_disable_footer":"","neve_meta_disable_title":"","neve_meta_reading_time":"","_joinchat":[]},"product_brand":[],"product_cat":[26],"product_tag":[],"class_list":{"0":"post-804","1":"product","2":"type-product","3":"status-publish","4":"has-post-thumbnail","6":"product_cat-software","8":"first","9":"instock","10":"sale","11":"featured","12":"virtual","13":"purchasable","14":"product-type-simple"},"yoast_head":"<!-- This site is optimized with the Yoast SEO plugin v27.3 - https:\/\/yoast.com\/product\/yoast-seo-wordpress\/ -->\n<title>Sistema Profesional Para Taller Mec\u00e1nico Facturaci\u00f3n Inventario - Tiendateka<\/title>\n<meta name=\"description\" content=\"Optimiza la gesti\u00f3n de tu negocio en Venezuela con nuestro sistema de facturaci\u00f3n e inventario. Controla tus ventas y existencias de modo eficiente.\" \/>\n<meta name=\"robots\" content=\"index, follow, max-snippet:-1, max-image-preview:large, max-video-preview:-1\" \/>\n<link rel=\"canonical\" href=\"https:\/\/romitecnologia.com\/demo-tienda\/producto\/sistema-profesional-para-taller-mecanico-facturacion-inventario\/\" \/>\n<meta property=\"og:locale\" content=\"es_ES\" \/>\n<meta property=\"og:type\" content=\"article\" \/>\n<meta property=\"og:title\" content=\"Sistema Profesional Para Taller Mec\u00e1nico Facturaci\u00f3n Inventario - Tiendateka\" \/>\n<meta property=\"og:description\" content=\"Optimiza la gesti\u00f3n de tu negocio en Venezuela con nuestro sistema de facturaci\u00f3n e inventario. Controla tus ventas y existencias de modo eficiente.\" \/>\n<meta property=\"og:url\" content=\"https:\/\/romitecnologia.com\/demo-tienda\/producto\/sistema-profesional-para-taller-mecanico-facturacion-inventario\/\" \/>\n<meta property=\"og:site_name\" content=\"Tiendateka\" \/>\n<meta property=\"article:publisher\" content=\"https:\/\/www.facebook.com\/romitecnologia\/\" \/>\n<meta property=\"article:modified_time\" content=\"2025-08-21T16:31:54+00:00\" \/>\n<meta property=\"og:image\" content=\"https:\/\/romitecnologia.com\/demo-tienda\/wp-content\/uploads\/2023\/07\/Sistema-Profesional-Para-Taller-Mecanico.jpg\" \/>\n\t<meta property=\"og:image:width\" content=\"1750\" \/>\n\t<meta property=\"og:image:height\" content=\"1750\" \/>\n\t<meta property=\"og:image:type\" content=\"image\/jpeg\" \/>\n<meta name=\"twitter:card\" content=\"summary_large_image\" \/>\n<meta name=\"twitter:label1\" content=\"Tiempo de lectura\" \/>\n\t<meta name=\"twitter:data1\" content=\"3 minutos\" \/>\n<script type=\"application\/ld+json\" class=\"yoast-schema-graph\">{\"@context\":\"https:\\\/\\\/schema.org\",\"@graph\":[{\"@type\":\"WebPage\",\"@id\":\"https:\\\/\\\/romitecnologia.com\\\/demo-tienda\\\/producto\\\/sistema-profesional-para-taller-mecanico-facturacion-inventario\\\/\",\"url\":\"https:\\\/\\\/romitecnologia.com\\\/demo-tienda\\\/producto\\\/sistema-profesional-para-taller-mecanico-facturacion-inventario\\\/\",\"name\":\"Sistema Profesional Para Taller Mec\u00e1nico Facturaci\u00f3n Inventario - Tiendateka\",\"isPartOf\":{\"@id\":\"https:\\\/\\\/romitecnologia.com\\\/demo-tienda\\\/#website\"},\"primaryImageOfPage\":{\"@id\":\"https:\\\/\\\/romitecnologia.com\\\/demo-tienda\\\/producto\\\/sistema-profesional-para-taller-mecanico-facturacion-inventario\\\/#primaryimage\"},\"image\":{\"@id\":\"https:\\\/\\\/romitecnologia.com\\\/demo-tienda\\\/producto\\\/sistema-profesional-para-taller-mecanico-facturacion-inventario\\\/#primaryimage\"},\"thumbnailUrl\":\"https:\\\/\\\/romitecnologia.com\\\/demo-tienda\\\/wp-content\\\/uploads\\\/2023\\\/07\\\/Sistema-Profesional-Para-Taller-Mecanico.jpg\",\"datePublished\":\"2023-07-18T20:03:41+00:00\",\"dateModified\":\"2025-08-21T16:31:54+00:00\",\"description\":\"Optimiza la gesti\u00f3n de tu negocio en Venezuela con nuestro sistema de facturaci\u00f3n e inventario. Controla tus ventas y existencias de modo eficiente.\",\"breadcrumb\":{\"@id\":\"https:\\\/\\\/romitecnologia.com\\\/demo-tienda\\\/producto\\\/sistema-profesional-para-taller-mecanico-facturacion-inventario\\\/#breadcrumb\"},\"inLanguage\":\"es\",\"potentialAction\":[{\"@type\":\"ReadAction\",\"target\":[\"https:\\\/\\\/romitecnologia.com\\\/demo-tienda\\\/producto\\\/sistema-profesional-para-taller-mecanico-facturacion-inventario\\\/\"]}]},{\"@type\":\"ImageObject\",\"inLanguage\":\"es\",\"@id\":\"https:\\\/\\\/romitecnologia.com\\\/demo-tienda\\\/producto\\\/sistema-profesional-para-taller-mecanico-facturacion-inventario\\\/#primaryimage\",\"url\":\"https:\\\/\\\/romitecnologia.com\\\/demo-tienda\\\/wp-content\\\/uploads\\\/2023\\\/07\\\/Sistema-Profesional-Para-Taller-Mecanico.jpg\",\"contentUrl\":\"https:\\\/\\\/romitecnologia.com\\\/demo-tienda\\\/wp-content\\\/uploads\\\/2023\\\/07\\\/Sistema-Profesional-Para-Taller-Mecanico.jpg\",\"width\":1750,\"height\":1750},{\"@type\":\"BreadcrumbList\",\"@id\":\"https:\\\/\\\/romitecnologia.com\\\/demo-tienda\\\/producto\\\/sistema-profesional-para-taller-mecanico-facturacion-inventario\\\/#breadcrumb\",\"itemListElement\":[{\"@type\":\"ListItem\",\"position\":1,\"name\":\"Portada\",\"item\":\"https:\\\/\\\/romitecnologia.com\\\/demo-tienda\\\/\"},{\"@type\":\"ListItem\",\"position\":2,\"name\":\"Tienda\",\"item\":\"https:\\\/\\\/romitecnologia.com\\\/demo-tienda\\\/tienda\\\/\"},{\"@type\":\"ListItem\",\"position\":3,\"name\":\"Sistema Profesional Para Taller Mec\u00e1nico Facturaci\u00f3n Inventario\"}]},{\"@type\":\"WebSite\",\"@id\":\"https:\\\/\\\/romitecnologia.com\\\/demo-tienda\\\/#website\",\"url\":\"https:\\\/\\\/romitecnologia.com\\\/demo-tienda\\\/\",\"name\":\"Tiendateka\",\"description\":\"Descubre el para\u00edso de las compras en l\u00ednea\",\"publisher\":{\"@id\":\"https:\\\/\\\/romitecnologia.com\\\/demo-tienda\\\/#organization\"},\"potentialAction\":[{\"@type\":\"SearchAction\",\"target\":{\"@type\":\"EntryPoint\",\"urlTemplate\":\"https:\\\/\\\/romitecnologia.com\\\/demo-tienda\\\/?s={search_term_string}\"},\"query-input\":{\"@type\":\"PropertyValueSpecification\",\"valueRequired\":true,\"valueName\":\"search_term_string\"}}],\"inLanguage\":\"es\"},{\"@type\":\"Organization\",\"@id\":\"https:\\\/\\\/romitecnologia.com\\\/demo-tienda\\\/#organization\",\"name\":\"Romitelli Tecnolog\u00eda\",\"alternateName\":\"Romitecnolog\u00eda\",\"url\":\"https:\\\/\\\/romitecnologia.com\\\/demo-tienda\\\/\",\"logo\":{\"@type\":\"ImageObject\",\"inLanguage\":\"es\",\"@id\":\"https:\\\/\\\/romitecnologia.com\\\/demo-tienda\\\/#\\\/schema\\\/logo\\\/image\\\/\",\"url\":\"https:\\\/\\\/romitecnologia.com\\\/demo-tienda\\\/wp-content\\\/uploads\\\/2023\\\/09\\\/LOGO-ROMI-13.png\",\"contentUrl\":\"https:\\\/\\\/romitecnologia.com\\\/demo-tienda\\\/wp-content\\\/uploads\\\/2023\\\/09\\\/LOGO-ROMI-13.png\",\"width\":1984,\"height\":1984,\"caption\":\"Romitelli Tecnolog\u00eda\"},\"image\":{\"@id\":\"https:\\\/\\\/romitecnologia.com\\\/demo-tienda\\\/#\\\/schema\\\/logo\\\/image\\\/\"},\"sameAs\":[\"https:\\\/\\\/www.facebook.com\\\/romitecnologia\\\/\",\"https:\\\/\\\/www.instagram.com\\\/romitecnologia\\\/\"]}]}<\/script>\n<!-- \/ Yoast SEO plugin. -->","yoast_head_json":{"title":"Sistema Profesional Para Taller Mec\u00e1nico Facturaci\u00f3n Inventario - Tiendateka","description":"Optimiza la gesti\u00f3n de tu negocio en Venezuela con nuestro sistema de facturaci\u00f3n e inventario. Controla tus ventas y existencias de modo eficiente.","robots":{"index":"index","follow":"follow","max-snippet":"max-snippet:-1","max-image-preview":"max-image-preview:large","max-video-preview":"max-video-preview:-1"},"canonical":"https:\/\/romitecnologia.com\/demo-tienda\/producto\/sistema-profesional-para-taller-mecanico-facturacion-inventario\/","og_locale":"es_ES","og_type":"article","og_title":"Sistema Profesional Para Taller Mec\u00e1nico Facturaci\u00f3n Inventario - Tiendateka","og_description":"Optimiza la gesti\u00f3n de tu negocio en Venezuela con nuestro sistema de facturaci\u00f3n e inventario. Controla tus ventas y existencias de modo eficiente.","og_url":"https:\/\/romitecnologia.com\/demo-tienda\/producto\/sistema-profesional-para-taller-mecanico-facturacion-inventario\/","og_site_name":"Tiendateka","article_publisher":"https:\/\/www.facebook.com\/romitecnologia\/","article_modified_time":"2025-08-21T16:31:54+00:00","og_image":[{"width":1750,"height":1750,"url":"https:\/\/romitecnologia.com\/demo-tienda\/wp-content\/uploads\/2023\/07\/Sistema-Profesional-Para-Taller-Mecanico.jpg","type":"image\/jpeg"}],"twitter_card":"summary_large_image","twitter_misc":{"Tiempo de lectura":"3 minutos"},"schema":{"@context":"https:\/\/schema.org","@graph":[{"@type":"WebPage","@id":"https:\/\/romitecnologia.com\/demo-tienda\/producto\/sistema-profesional-para-taller-mecanico-facturacion-inventario\/","url":"https:\/\/romitecnologia.com\/demo-tienda\/producto\/sistema-profesional-para-taller-mecanico-facturacion-inventario\/","name":"Sistema Profesional Para Taller Mec\u00e1nico Facturaci\u00f3n Inventario - Tiendateka","isPartOf":{"@id":"https:\/\/romitecnologia.com\/demo-tienda\/#website"},"primaryImageOfPage":{"@id":"https:\/\/romitecnologia.com\/demo-tienda\/producto\/sistema-profesional-para-taller-mecanico-facturacion-inventario\/#primaryimage"},"image":{"@id":"https:\/\/romitecnologia.com\/demo-tienda\/producto\/sistema-profesional-para-taller-mecanico-facturacion-inventario\/#primaryimage"},"thumbnailUrl":"https:\/\/romitecnologia.com\/demo-tienda\/wp-content\/uploads\/2023\/07\/Sistema-Profesional-Para-Taller-Mecanico.jpg","datePublished":"2023-07-18T20:03:41+00:00","dateModified":"2025-08-21T16:31:54+00:00","description":"Optimiza la gesti\u00f3n de tu negocio en Venezuela con nuestro sistema de facturaci\u00f3n e inventario. Controla tus ventas y existencias de modo eficiente.","breadcrumb":{"@id":"https:\/\/romitecnologia.com\/demo-tienda\/producto\/sistema-profesional-para-taller-mecanico-facturacion-inventario\/#breadcrumb"},"inLanguage":"es","potentialAction":[{"@type":"ReadAction","target":["https:\/\/romitecnologia.com\/demo-tienda\/producto\/sistema-profesional-para-taller-mecanico-facturacion-inventario\/"]}]},{"@type":"ImageObject","inLanguage":"es","@id":"https:\/\/romitecnologia.com\/demo-tienda\/producto\/sistema-profesional-para-taller-mecanico-facturacion-inventario\/#primaryimage","url":"https:\/\/romitecnologia.com\/demo-tienda\/wp-content\/uploads\/2023\/07\/Sistema-Profesional-Para-Taller-Mecanico.jpg","contentUrl":"https:\/\/romitecnologia.com\/demo-tienda\/wp-content\/uploads\/2023\/07\/Sistema-Profesional-Para-Taller-Mecanico.jpg","width":1750,"height":1750},{"@type":"BreadcrumbList","@id":"https:\/\/romitecnologia.com\/demo-tienda\/producto\/sistema-profesional-para-taller-mecanico-facturacion-inventario\/#breadcrumb","itemListElement":[{"@type":"ListItem","position":1,"name":"Portada","item":"https:\/\/romitecnologia.com\/demo-tienda\/"},{"@type":"ListItem","position":2,"name":"Tienda","item":"https:\/\/romitecnologia.com\/demo-tienda\/tienda\/"},{"@type":"ListItem","position":3,"name":"Sistema Profesional Para Taller Mec\u00e1nico Facturaci\u00f3n Inventario"}]},{"@type":"WebSite","@id":"https:\/\/romitecnologia.com\/demo-tienda\/#website","url":"https:\/\/romitecnologia.com\/demo-tienda\/","name":"Tiendateka","description":"Descubre el para\u00edso de las compras en l\u00ednea","publisher":{"@id":"https:\/\/romitecnologia.com\/demo-tienda\/#organization"},"potentialAction":[{"@type":"SearchAction","target":{"@type":"EntryPoint","urlTemplate":"https:\/\/romitecnologia.com\/demo-tienda\/?s={search_term_string}"},"query-input":{"@type":"PropertyValueSpecification","valueRequired":true,"valueName":"search_term_string"}}],"inLanguage":"es"},{"@type":"Organization","@id":"https:\/\/romitecnologia.com\/demo-tienda\/#organization","name":"Romitelli Tecnolog\u00eda","alternateName":"Romitecnolog\u00eda","url":"https:\/\/romitecnologia.com\/demo-tienda\/","logo":{"@type":"ImageObject","inLanguage":"es","@id":"https:\/\/romitecnologia.com\/demo-tienda\/#\/schema\/logo\/image\/","url":"https:\/\/romitecnologia.com\/demo-tienda\/wp-content\/uploads\/2023\/09\/LOGO-ROMI-13.png","contentUrl":"https:\/\/romitecnologia.com\/demo-tienda\/wp-content\/uploads\/2023\/09\/LOGO-ROMI-13.png","width":1984,"height":1984,"caption":"Romitelli Tecnolog\u00eda"},"image":{"@id":"https:\/\/romitecnologia.com\/demo-tienda\/#\/schema\/logo\/image\/"},"sameAs":["https:\/\/www.facebook.com\/romitecnologia\/","https:\/\/www.instagram.com\/romitecnologia\/"]}]}},"_links":{"self":[{"href":"https:\/\/romitecnologia.com\/demo-tienda\/wp-json\/wp\/v2\/product\/804","targetHints":{"allow":["GET"]}}],"collection":[{"href":"https:\/\/romitecnologia.com\/demo-tienda\/wp-json\/wp\/v2\/product"}],"about":[{"href":"https:\/\/romitecnologia.com\/demo-tienda\/wp-json\/wp\/v2\/types\/product"}],"replies":[{"embeddable":true,"href":"https:\/\/romitecnologia.com\/demo-tienda\/wp-json\/wp\/v2\/comments?post=804"}],"wp:featuredmedia":[{"embeddable":true,"href":"https:\/\/romitecnologia.com\/demo-tienda\/wp-json\/wp\/v2\/media\/825"}],"wp:attachment":[{"href":"https:\/\/romitecnologia.com\/demo-tienda\/wp-json\/wp\/v2\/media?parent=804"}],"wp:term":[{"taxonomy":"product_brand","embeddable":true,"href":"https:\/\/romitecnologia.com\/demo-tienda\/wp-json\/wp\/v2\/product_brand?post=804"},{"taxonomy":"product_cat","embeddable":true,"href":"https:\/\/romitecnologia.com\/demo-tienda\/wp-json\/wp\/v2\/product_cat?post=804"},{"taxonomy":"product_tag","embeddable":true,"href":"https:\/\/romitecnologia.com\/demo-tienda\/wp-json\/wp\/v2\/product_tag?post=804"}],"curies":[{"name":"wp","href":"https:\/\/api.w.org\/{rel}","templated":true}]}}